[Sun Aug 07 22:36:19.286687 2022] [cgi:error] [pid 25978] [client 31.192.105.81:62004] AH02811: script not found or unable to stat: /var/www/html/indice.cgi
[Mon Aug 08 06:59:54.900116 2022] [cgi:error] [pid 13268] [client 34.77.127.183:53662] AH02812: attempt to invoke directory as script: /home/lorsa/public_html/cgi-bin/
[Mon Aug 08 07:18:58.780311 2022] [cgi:error] [pid 25918] [client 154.6.147.158:58168] AH02812: attempt to invoke directory as script: /home/lorsa/public_html/cgi-bin/, referer: https://66.165.67.126/
[Mon Aug 08 07:19:01.132667 2022] [cgi:error] [pid 25918] [client 154.6.147.158:58168] AH02812: attempt to invoke directory as script: /home/lorsa/public_html/cgi-bin/, referer: https://66.165.67.126/
[Mon Aug 08 07:19:05.548774 2022] [cgi:error] [pid 25918] [client 154.6.147.158:58168] AH02812: attempt to invoke directory as script: /home/lorsa/public_html/cgi-bin/, referer: https://66.165.67.126/
[Mon Aug 08 09:28:08.333297 2022] [ssl:error] [pid 29866] [client 54.210.71.15:49786] AH02042: rejecting client initiated renegotiation
[Mon Aug 08 10:31:03.869451 2022] [cgi:error] [pid 25935] [client 174.129.91.184:33548] AH02812: attempt to invoke directory as script: /home/lorsa/public_html/cgi-bin/, referer: https://autodiscover.lorsa.com.br
[Wed Aug 10 22:23:41.667515 2022] [mpm_prefork:notice] [pid 6379] AH00171: Graceful restart requested, doing restart
[Wed Aug 10 22:23:41.891435 2022] [ssl:warn] [pid 6379] AH01909: lorsa.com.br:443:0 server certificate does NOT include an ID which matches the server name
[Wed Aug 10 22:23:41.893259 2022] [mpm_prefork:notice] [pid 6379] AH00163: Apache/2.4.54 (cPanel) OpenSSL/1.1.1q mod_bwlimited/1.4 configured -- resuming normal operations
[Wed Aug 10 22:23:41.893279 2022] [core:notice] [pid 6379] AH00094: Command line: '/usr/sbin/httpd'
[Thu Aug 11 04:16:26.405470 2022] [cgi:error] [pid 17064] [client 200.110.57.170:60758] AH02811: script not found or unable to stat: /var/www/html/setup.cgi
[Sat Aug 13 06:07:35.435953 2022] [cgi:error] [pid 17067] [client 34.76.96.55:58876] AH02812: attempt to invoke directory as script: /home/lorsa/public_html/cgi-bin/
[Sun Aug 14 05:58:41.995040 2022] [cgi:error] [pid 5165] [client 34.76.158.233:51310] AH02812: attempt to invoke directory as script: /home/lorsa/public_html/cgi-bin/
[Sun Aug 14 14:10:18.343248 2022] [cgi:error] [pid 17067] [client 27.43.207.2:6408] AH02811: script not found or unable to stat: /var/www/html/setup.cgi
[Mon Aug 15 09:40:54.850522 2022] [ssl:error] [pid 7392] [client 162.142.125.222:49880] AH02032: Hostname isp07.netstructure.com.br provided via SNI and hostname 66.165.67.126 provided via HTTP have no compatible SSL setup
[Mon Aug 15 11:38:14.021419 2022] [cgi:error] [pid 5168] [client 142.44.137.77:41200] AH02811: script not found or unable to stat: /home/lorsa/public_html/cgi-bin/welcome
[Mon Aug 15 22:26:41.720240 2022] [mpm_prefork:notice] [pid 6379] AH00171: Graceful restart requested, doing restart
[Mon Aug 15 22:26:42.453084 2022] [ssl:warn] [pid 6379] AH01909: lorsa.com.br:443:0 server certificate does NOT include an ID which matches the server name
[Mon Aug 15 22:26:42.460229 2022] [mpm_prefork:notice] [pid 6379] AH00163: Apache/2.4.54 (cPanel) OpenSSL/1.1.1q mod_bwlimited/1.4 configured -- resuming normal operations
[Mon Aug 15 22:26:42.460250 2022] [core:notice] [pid 6379] AH00094: Command line: '/usr/sbin/httpd'
[Wed Aug 17 05:41:54.794390 2022] [cgi:error] [pid 7430] [client 35.195.93.98:50006] AH02812: attempt to invoke directory as script: /home/lorsa/public_html/cgi-bin/
[Wed Aug 17 14:45:29.417062 2022] [core:error] [pid 13158] [client 161.35.86.181:50280] AH10244: invalid URI path (/cgi-bin/.%2e/%2e%2e/%2e%2e/%2e%2e/%2e%2e/%2e%2e/%2e%2e/%2e%2e/%2e%2e/etc/hosts)
[Wed Aug 17 22:24:09.116928 2022] [mpm_prefork:notice] [pid 6379] AH00169: caught SIGTERM, shutting down
[Wed Aug 17 22:24:09.749013 2022] [ssl:warn] [pid 8061] AH01909: lorsa.com.br:443:0 server certificate does NOT include an ID which matches the server name
[Wed Aug 17 22:24:09.749367 2022] [suexec:notice] [pid 8061] AH01232: suEXEC mechanism enabled (wrapper: /usr/sbin/suexec)
[Wed Aug 17 22:24:09.749387 2022] [:notice] [pid 8061] ModSecurity for Apache/2.9.3 (http://www.modsecurity.org/) configured.
[Wed Aug 17 22:24:09.749391 2022] [:notice] [pid 8061] ModSecurity: APR compiled version="1.7.0"; loaded version="1.7.0"
[Wed Aug 17 22:24:09.749398 2022] [:notice] [pid 8061] ModSecurity: PCRE compiled version="8.32 "; loaded version="8.32 2012-11-30"
[Wed Aug 17 22:24:09.749402 2022] [:notice] [pid 8061] ModSecurity: LUA compiled version="Lua 5.1"
[Wed Aug 17 22:24:09.749405 2022] [:notice] [pid 8061] ModSecurity: YAJL compiled version="2.0.4"
[Wed Aug 17 22:24:09.749407 2022] [:notice] [pid 8061] ModSecurity: LIBXML compiled version="2.9.7"
[Wed Aug 17 22:24:09.749410 2022] [:notice] [pid 8061] ModSecurity: Status engine is currently disabled, enable it by set SecStatusEngine to On.
[Wed Aug 17 22:24:09.781187 2022] [ssl:warn] [pid 8065] AH01909: lorsa.com.br:443:0 server certificate does NOT include an ID which matches the server name
[Wed Aug 17 22:24:09.786059 2022] [mpm_prefork:notice] [pid 8065] AH00163: Apache/2.4.54 (cPanel) OpenSSL/1.1.1q mod_bwlimited/1.4 configured -- resuming normal operations
[Wed Aug 17 22:24:09.786095 2022] [core:notice] [pid 8065] AH00094: Command line: '/usr/sbin/httpd'
[Wed Aug 17 22:24:12.957312 2022] [mpm_prefork:notice] [pid 8065] AH00169: caught SIGTERM, shutting down
[Wed Aug 17 22:24:13.696729 2022] [ssl:warn] [pid 8153] AH01909: lorsa.com.br:443:0 server certificate does NOT include an ID which matches the server name
[Wed Aug 17 22:24:13.697013 2022] [suexec:notice] [pid 8153] AH01232: suEXEC mechanism enabled (wrapper: /usr/sbin/suexec)
[Wed Aug 17 22:24:13.697028 2022] [:notice] [pid 8153] ModSecurity for Apache/2.9.3 (http://www.modsecurity.org/) configured.
[Wed Aug 17 22:24:13.697031 2022] [:notice] [pid 8153] ModSecurity: APR compiled version="1.7.0"; loaded version="1.7.0"
[Wed Aug 17 22:24:13.697036 2022] [:notice] [pid 8153] ModSecurity: PCRE compiled version="8.32 "; loaded version="8.32 2012-11-30"
[Wed Aug 17 22:24:13.697039 2022] [:notice] [pid 8153] ModSecurity: LUA compiled version="Lua 5.1"
[Wed Aug 17 22:24:13.697041 2022] [:notice] [pid 8153] ModSecurity: YAJL compiled version="2.0.4"
[Wed Aug 17 22:24:13.697043 2022] [:notice] [pid 8153] ModSecurity: LIBXML compiled version="2.9.7"
[Wed Aug 17 22:24:13.697046 2022] [:notice] [pid 8153] ModSecurity: Status engine is currently disabled, enable it by set SecStatusEngine to On.
[Wed Aug 17 22:24:13.724421 2022] [ssl:warn] [pid 8156] AH01909: lorsa.com.br:443:0 server certificate does NOT include an ID which matches the server name
[Wed Aug 17 22:24:13.728304 2022] [mpm_prefork:notice] [pid 8156] AH00163: Apache/2.4.54 (cPanel) OpenSSL/1.1.1q mod_bwlimited/1.4 configured -- resuming normal operations
[Wed Aug 17 22:24:13.728342 2022] [core:notice] [pid 8156] AH00094: Command line: '/usr/sbin/httpd'
[Thu Aug 18 02:01:25.968150 2022] [ssl:error] [pid 8164] (101)Network is unreachable: [client 193.118.53.210:47132] AH01974: could not connect to OCSP responder 'ocsp.comodoca.com'
[Thu Aug 18 02:01:25.968264 2022] [ssl:error] [pid 8164] AH01941: stapling_renew_response: responder error
[Thu Aug 18 09:33:33.194026 2022] [cgi:error] [pid 22959] [client 118.239.10.110:3575] AH02811: script not found or unable to stat: /var/www/html/setup.cgi
[Thu Aug 18 12:04:00.084683 2022] [cgi:error] [pid 8163] [client 27.43.166.45:19762] AH02811: script not found or unable to stat: /var/www/html/setup.cgi
[Sat Aug 20 04:23:23.474660 2022] [cgi:error] [pid 8163] [client 120.52.152.20:30412] AH02811: script not found or unable to stat: /usr/local/cpanel/cgi-sys/favicon.ico
[Sat Aug 20 05:13:43.557925 2022] [cgi:error] [pid 22959] [client 35.195.93.98:50022] AH02812: attempt to invoke directory as script: /home/lorsa/public_html/cgi-bin/
[Sun Aug 21 04:18:01.481511 2022] [cgi:error] [pid 22939] [client 202.164.138.62:24168] AH02811: script not found or unable to stat: /var/www/html/setup.cgi
[Mon Aug 22 09:48:48.827755 2022] [core:error] [pid 22939] [client 161.35.188.242:33884] AH10244: invalid URI path (/cgi-bin/.%2e/%2e%2e/%2e%2e/%2e%2e/%2e%2e/%2e%2e/%2e%2e/%2e%2e/%2e%2e/etc/hosts)
[Mon Aug 22 09:48:48.996424 2022] [core:error] [pid 22959] [client 161.35.188.242:34088] AH10244: invalid URI path (/cgi-bin/.%2e/%2e%2e/%2e%2e/%2e%2e/%2e%2e/%2e%2e/%2e%2e/%2e%2e/%2e%2e/etc/hosts)
[Wed Aug 24 01:00:59.796993 2022] [cgi:error] [pid 8860] [client 222.137.87.221:45622] AH02811: script not found or unable to stat: /var/www/html/setup.cgi
[Wed Aug 24 05:28:30.472608 2022] [cgi:error] [pid 22939] [client 106.75.241.23:26246] AH02811: script not found or unable to stat: /usr/local/cpanel/cgi-sys/favicon.ico
[Wed Aug 24 09:43:29.381291 2022] [ssl:error] [pid 8164] [client 167.94.138.119:35132] AH02032: Hostname isp07.netstructure.com.br provided via SNI and hostname 66.165.67.126 provided via HTTP have no compatible SSL setup
[Wed Aug 24 22:26:08.995431 2022] [mpm_prefork:notice] [pid 8156] AH00169: caught SIGTERM, shutting down
[Wed Aug 24 22:26:09.826016 2022] [ssl:warn] [pid 26403] AH01909: lorsa.com.br:443:0 server certificate does NOT include an ID which matches the server name
[Wed Aug 24 22:26:09.826343 2022] [suexec:notice] [pid 26403] AH01232: suEXEC mechanism enabled (wrapper: /usr/sbin/suexec)
[Wed Aug 24 22:26:09.826360 2022] [:notice] [pid 26403] ModSecurity for Apache/2.9.3 (http://www.modsecurity.org/) configured.
[Wed Aug 24 22:26:09.826364 2022] [:notice] [pid 26403] ModSecurity: APR compiled version="1.7.0"; loaded version="1.7.0"
[Wed Aug 24 22:26:09.826370 2022] [:notice] [pid 26403] ModSecurity: PCRE compiled version="8.32 "; loaded version="8.32 2012-11-30"
[Wed Aug 24 22:26:09.826373 2022] [:notice] [pid 26403] ModSecurity: LUA compiled version="Lua 5.1"
[Wed Aug 24 22:26:09.826375 2022] [:notice] [pid 26403] ModSecurity: YAJL compiled version="2.0.4"
[Wed Aug 24 22:26:09.826378 2022] [:notice] [pid 26403] ModSecurity: LIBXML compiled version="2.9.7"
[Wed Aug 24 22:26:09.826380 2022] [:notice] [pid 26403] ModSecurity: Status engine is currently disabled, enable it by set SecStatusEngine to On.
[Wed Aug 24 22:26:09.855174 2022] [ssl:warn] [pid 26406] AH01909: lorsa.com.br:443:0 server certificate does NOT include an ID which matches the server name
[Wed Aug 24 22:26:09.859950 2022] [mpm_prefork:notice] [pid 26406] AH00163: Apache/2.4.54 (cPanel) OpenSSL/1.1.1q mod_bwlimited/1.4 configured -- resuming normal operations
[Wed Aug 24 22:26:09.859989 2022] [core:notice] [pid 26406] AH00094: Command line: '/usr/sbin/httpd'
[Wed Aug 24 22:26:12.743564 2022] [mpm_prefork:notice] [pid 26406] AH00169: caught SIGTERM, shutting down
[Wed Aug 24 22:26:13.519646 2022] [ssl:warn] [pid 26496] AH01909: lorsa.com.br:443:0 server certificate does NOT include an ID which matches the server name
[Wed Aug 24 22:26:13.519954 2022] [suexec:notice] [pid 26496] AH01232: suEXEC mechanism enabled (wrapper: /usr/sbin/suexec)
[Wed Aug 24 22:26:13.519973 2022] [:notice] [pid 26496] ModSecurity for Apache/2.9.3 (http://www.modsecurity.org/) configured.
[Wed Aug 24 22:26:13.519977 2022] [:notice] [pid 26496] ModSecurity: APR compiled version="1.7.0"; loaded version="1.7.0"
[Wed Aug 24 22:26:13.519983 2022] [:notice] [pid 26496] ModSecurity: PCRE compiled version="8.32 "; loaded version="8.32 2012-11-30"
[Wed Aug 24 22:26:13.519985 2022] [:notice] [pid 26496] ModSecurity: LUA compiled version="Lua 5.1"
[Wed Aug 24 22:26:13.520000 2022] [:notice] [pid 26496] ModSecurity: YAJL compiled version="2.0.4"
[Wed Aug 24 22:26:13.520003 2022] [:notice] [pid 26496] ModSecurity: LIBXML compiled version="2.9.7"
[Wed Aug 24 22:26:13.520005 2022] [:notice] [pid 26496] ModSecurity: Status engine is currently disabled, enable it by set SecStatusEngine to On.
[Wed Aug 24 22:26:13.551590 2022] [ssl:warn] [pid 26499] AH01909: lorsa.com.br:443:0 server certificate does NOT include an ID which matches the server name
[Wed Aug 24 22:26:13.555405 2022] [mpm_prefork:notice] [pid 26499] AH00163: Apache/2.4.54 (cPanel) OpenSSL/1.1.1q mod_bwlimited/1.4 configured -- resuming normal operations
[Wed Aug 24 22:26:13.555439 2022] [core:notice] [pid 26499] AH00094: Command line: '/usr/sbin/httpd'
[Wed Aug 24 22:26:24.677514 2022] [mpm_prefork:notice] [pid 26499] AH00171: Graceful restart requested, doing restart
[Wed Aug 24 22:26:24.762035 2022] [ssl:warn] [pid 26499] AH01909: lorsa.com.br:443:0 server certificate does NOT include an ID which matches the server name
[Wed Aug 24 22:26:24.763386 2022] [mpm_prefork:notice] [pid 26499] AH00163: Apache/2.4.54 (cPanel) OpenSSL/1.1.1q mod_bwlimited/1.4 configured -- resuming normal operations
[Wed Aug 24 22:26:24.763420 2022] [core:notice] [pid 26499] AH00094: Command line: '/usr/sbin/httpd'
[Thu Aug 25 04:10:54.907683 2022] [cgi:error] [pid 26603] [client 34.76.158.233:35476] AH02812: attempt to invoke directory as script: /home/lorsa/public_html/cgi-bin/
[Thu Aug 25 07:03:26.240888 2022] [ssl:error] [pid 20662] [client 34.229.193.246:54532] AH02042: rejecting client initiated renegotiation
[Fri Aug 26 23:11:24.648733 2022] [ssl:error] [pid 26996] [client 34.229.123.219:43210] AH02042: rejecting client initiated renegotiation
[Fri Aug 26 23:23:32.603025 2022] [ssl:error] [pid 20662] [client 34.207.202.16:42048] AH02042: rejecting client initiated renegotiation
[Sat Aug 27 01:02:17.680139 2022] [cgi:error] [pid 26601] [client 106.75.103.149:55722] AH02811: script not found or unable to stat: /usr/local/cpanel/cgi-sys/favicon.ico
[Sat Aug 27 03:54:40.006351 2022] [cgi:error] [pid 26605] [client 34.77.127.183:40922] AH02812: attempt to invoke directory as script: /home/lorsa/public_html/cgi-bin/
[Sat Aug 27 07:49:52.396036 2022] [cgi:error] [pid 20662] [client 120.85.112.204:18427] AH02811: script not found or unable to stat: /var/www/html/setup.cgi
[Sat Aug 27 11:53:09.293649 2022] [cgi:error] [pid 26604] [client 112.94.99.7:8701] AH02811: script not found or unable to stat: /var/www/html/setup.cgi
[Sat Aug 27 18:01:18.387676 2022] [cgi:error] [pid 26996] [client 45.134.225.20:34598] AH02811: script not found or unable to stat: /var/www/html/apply.cgi, referer: http://184.175.93.215:80/system.html
[Sun Aug 28 22:26:54.569218 2022] [ssl:error] [pid 26601] (70007)The timeout specified has expired: [client 54.242.129.61:49950] AH01977: failed reading line from OCSP server
[Sun Aug 28 22:26:54.570002 2022] [ssl:error] [pid 26601] [client 54.242.129.61:49950] AH01980: bad response from OCSP server: (none)
[Sun Aug 28 22:26:54.570937 2022] [ssl:error] [pid 26601] AH01941: stapling_renew_response: responder error
[Mon Aug 29 22:23:47.540882 2022] [mpm_prefork:notice] [pid 26499] AH00169: caught SIGTERM, shutting down
[Mon Aug 29 22:23:48.954881 2022] [ssl:warn] [pid 32461] AH01909: lorsa.com.br:443:0 server certificate does NOT include an ID which matches the server name
[Mon Aug 29 22:23:48.955387 2022] [suexec:notice] [pid 32461] AH01232: suEXEC mechanism enabled (wrapper: /usr/sbin/suexec)
[Mon Aug 29 22:23:48.955410 2022] [:notice] [pid 32461] ModSecurity for Apache/2.9.3 (http://www.modsecurity.org/) configured.
[Mon Aug 29 22:23:48.955452 2022] [:notice] [pid 32461] ModSecurity: APR compiled version="1.7.0"; loaded version="1.7.0"
[Mon Aug 29 22:23:48.960938 2022] [:notice] [pid 32461] ModSecurity: PCRE compiled version="8.32 "; loaded version="8.32 2012-11-30"
[Mon Aug 29 22:23:48.960969 2022] [:notice] [pid 32461] ModSecurity: LUA compiled version="Lua 5.1"
[Mon Aug 29 22:23:48.960974 2022] [:notice] [pid 32461] ModSecurity: YAJL compiled version="2.0.4"
[Mon Aug 29 22:23:48.961014 2022] [:notice] [pid 32461] ModSecurity: LIBXML compiled version="2.9.7"
[Mon Aug 29 22:23:48.961019 2022] [:notice] [pid 32461] ModSecurity: Status engine is currently disabled, enable it by set SecStatusEngine to On.
[Mon Aug 29 22:23:49.004443 2022] [ssl:warn] [pid 32466] AH01909: lorsa.com.br:443:0 server certificate does NOT include an ID which matches the server name
[Mon Aug 29 22:23:49.010819 2022] [mpm_prefork:notice] [pid 32466] AH00163: Apache/2.4.54 (cPanel) OpenSSL/1.1.1q mod_bwlimited/1.4 configured -- resuming normal operations
[Mon Aug 29 22:23:49.010859 2022] [core:notice] [pid 32466] AH00094: Command line: '/usr/sbin/httpd'
[Tue Aug 30 23:53:15.349640 2022] [mpm_prefork:notice] [pid 32466] AH00171: Graceful restart requested, doing restart
[Tue Aug 30 23:53:15.667679 2022] [ssl:warn] [pid 32466] AH01909: lorsa.com.br:443:0 server certificate does NOT include an ID which matches the server name
[Tue Aug 30 23:53:15.672508 2022] [mpm_prefork:notice] [pid 32466] AH00163: Apache/2.4.54 (cPanel) OpenSSL/1.1.1q mod_bwlimited/1.4 configured -- resuming normal operations
[Tue Aug 30 23:53:15.672545 2022] [core:notice] [pid 32466] AH00094: Command line: '/usr/sbin/httpd'
[Wed Aug 31 14:04:03.861467 2022] [cgi:error] [pid 28936] [client 112.248.111.169:55024] AH02811: script not found or unable to stat: /var/www/html/setup.cgi
[Thu Sep 01 02:56:25.651894 2022] [cgi:error] [pid 23450] [client 35.195.93.98:34506] AH02812: attempt to invoke directory as script: /home/lorsa/public_html/cgi-bin/
[Thu Sep 01 17:40:12.046094 2022] [core:error] [pid 23237] [client 161.35.86.181:34150] AH10244: invalid URI path (/cgi-bin/.%2e/%2e%2e/%2e%2e/%2e%2e/%2e%2e/%2e%2e/%2e%2e/%2e%2e/%2e%2e/etc/hosts)
[Thu Sep 01 23:08:40.438388 2022] [cgi:error] [pid 5874] [client 142.44.137.77:51058] AH02811: script not found or unable to stat: /home/lorsa/public_html/cgi-bin/welcome
[Sat Sep 03 01:28:37.830488 2022] [ssl:error] [pid 28936] [client 44.202.241.80:54088] AH02042: rejecting client initiated renegotiation
[Sat Sep 03 07:10:03.212772 2022] [cgi:error] [pid 5874] [client 201.150.173.16:34689] AH02811: script not found or unable to stat: /var/www/html/setup.cgi
[Sat Sep 03 11:08:35.086742 2022] [cgi:error] [pid 23450] [client 194.26.228.174:34682] AH02811: script not found or unable to stat: /var/www/html/dnscfg.cgi
[Sat Sep 03 11:20:41.355734 2022] [cgi:error] [pid 5881] [client 194.26.228.174:42264] AH02811: script not found or unable to stat: /var/www/html/dnscfg.cgi
[Sat Sep 03 11:53:25.832703 2022] [cgi:error] [pid 23239] [client 194.26.228.174:39410] AH02811: script not found or unable to stat: /var/www/html/dnscfg.cgi
[Sat Sep 03 12:12:39.985299 2022] [cgi:error] [pid 10636] [client 194.26.228.174:37528] AH02811: script not found or unable to stat: /var/www/html/dnscfg.cgi
[Sat Sep 03 18:31:02.890007 2022] [ssl:error] [pid 23450] (70007)The timeout specified has expired: [client 205.210.31.52:39317] AH01977: failed reading line from OCSP server
[Sat Sep 03 18:31:02.891328 2022] [ssl:error] [pid 23450] [client 205.210.31.52:39317] AH01980: bad response from OCSP server: (none)
[Sat Sep 03 18:31:02.891441 2022] [ssl:error] [pid 23450] AH01941: stapling_renew_response: responder error
[Sun Sep 04 19:43:36.655887 2022] [cgi:error] [pid 10636] [client 120.85.94.1:12516] AH02811: script not found or unable to stat: /var/www/html/setup.cgi
[Mon Sep 05 04:18:19.933908 2022] [cgi:error] [pid 5874] [client 185.216.71.242:43798] AH02811: script not found or unable to stat: /var/www/html/debug.cgi
[Tue Sep 06 07:40:01.281865 2022] [ssl:error] [pid 10636] (70007)The timeout specified has expired: [client 138.246.253.24:60312] AH01977: failed reading line from OCSP server
[Tue Sep 06 07:40:01.281933 2022] [ssl:error] [pid 10636] [client 138.246.253.24:60312] AH01980: bad response from OCSP server: (none)
[Tue Sep 06 07:40:01.282011 2022] [ssl:error] [pid 10636] AH01941: stapling_renew_response: responder error
[Wed Sep 07 20:38:00.539762 2022] [ssl:error] [pid 10636] (70007)The timeout specified has expired: [client 192.241.197.13:46570] AH01977: failed reading line from OCSP server
[Wed Sep 07 20:38:00.539883 2022] [ssl:error] [pid 10636] [client 192.241.197.13:46570] AH01980: bad response from OCSP server: (none)
[Wed Sep 07 20:38:00.540002 2022] [ssl:error] [pid 10636] AH01941: stapling_renew_response: responder error
[Wed Sep 07 22:24:26.004328 2022] [mpm_prefork:notice] [pid 32466] AH00169: caught SIGTERM, shutting down
[Wed Sep 07 22:24:27.005106 2022] [ssl:warn] [pid 18252] AH01909: lorsa.com.br:443:0 server certificate does NOT include an ID which matches the server name
[Wed Sep 07 22:24:27.005465 2022] [suexec:notice] [pid 18252] AH01232: suEXEC mechanism enabled (wrapper: /usr/sbin/suexec)
[Wed Sep 07 22:24:27.005485 2022] [:notice] [pid 18252] ModSecurity for Apache/2.9.3 (http://www.modsecurity.org/) configured.
[Wed Sep 07 22:24:27.005489 2022] [:notice] [pid 18252] ModSecurity: APR compiled version="1.7.0"; loaded version="1.7.0"
[Wed Sep 07 22:24:27.005496 2022] [:notice] [pid 18252] ModSecurity: PCRE compiled version="8.32 "; loaded version="8.32 2012-11-30"
[Wed Sep 07 22:24:27.005499 2022] [:notice] [pid 18252] ModSecurity: LUA compiled version="Lua 5.1"
[Wed Sep 07 22:24:27.005501 2022] [:notice] [pid 18252] ModSecurity: YAJL compiled version="2.0.4"
[Wed Sep 07 22:24:27.005504 2022] [:notice] [pid 18252] ModSecurity: LIBXML compiled version="2.9.7"
[Wed Sep 07 22:24:27.005506 2022] [:notice] [pid 18252] ModSecurity: Status engine is currently disabled, enable it by set SecStatusEngine to On.
[Wed Sep 07 22:24:27.038103 2022] [ssl:warn] [pid 18256] AH01909: lorsa.com.br:443:0 server certificate does NOT include an ID which matches the server name
[Wed Sep 07 22:24:27.043930 2022] [mpm_prefork:notice] [pid 18256] AH00163: Apache/2.4.54 (cPanel) OpenSSL/1.1.1q mod_bwlimited/1.4 configured -- resuming normal operations
[Wed Sep 07 22:24:27.043966 2022] [core:notice] [pid 18256] AH00094: Command line: '/usr/sbin/httpd'
[Fri Sep 09 18:48:48.307125 2022] [ssl:error] [pid 18265] (70007)The timeout specified has expired: [client 51.38.38.73:35686] AH01977: failed reading line from OCSP server
[Fri Sep 09 18:48:48.308061 2022] [ssl:error] [pid 18265] [client 51.38.38.73:35686] AH01980: bad response from OCSP server: (none)
[Fri Sep 09 18:48:48.308155 2022] [ssl:error] [pid 18265] AH01941: stapling_renew_response: responder error
[Fri Sep 09 20:39:29.719620 2022] [ssl:error] [pid 28204] (70007)The timeout specified has expired: [client 88.80.188.228:43242] AH01977: failed reading line from OCSP server
[Fri Sep 09 20:39:29.719684 2022] [ssl:error] [pid 28204] [client 88.80.188.228:43242] AH01980: bad response from OCSP server: (none)
[Fri Sep 09 20:39:29.719774 2022] [ssl:error] [pid 28204] AH01941: stapling_renew_response: responder error
[Sat Sep 10 00:45:35.739276 2022] [cgi:error] [pid 18822] [client 104.156.155.30:41904] AH02811: script not found or unable to stat: /var/www/html/index.pl
[Sat Sep 10 00:45:37.859591 2022] [cgi:error] [pid 18265] [client 104.156.155.30:45264] AH02811: script not found or unable to stat: /var/www/html/index.pl
[Sat Sep 10 00:45:37.953834 2022] [cgi:error] [pid 28204] [client 104.156.155.30:45489] AH02811: script not found or unable to stat: /var/www/html/main.cgi
[Sat Sep 10 00:45:38.381494 2022] [cgi:error] [pid 18822] [client 104.156.155.30:62799] AH02811: script not found or unable to stat: /var/www/html/base.pl
[Sat Sep 10 00:45:39.398785 2022] [cgi:error] [pid 18822] [client 104.156.155.30:62377] AH02811: script not found or unable to stat: /var/www/html/main.cgi
[Sat Sep 10 00:45:39.686658 2022] [cgi:error] [pid 7392] [client 104.156.155.30:18556] AH02811: script not found or unable to stat: /var/www/html/base.pl
[Sat Sep 10 00:45:41.121287 2022] [cgi:error] [pid 7392] [client 104.156.155.30:62892] AH02811: script not found or unable to stat: /var/www/html/inicio.pl
[Sat Sep 10 00:45:41.547360 2022] [cgi:error] [pid 18265] [client 104.156.155.30:1911] AH02811: script not found or unable to stat: /var/www/html/inicio.pl
[Sun Sep 11 01:03:30.427635 2022] [cgi:error] [pid 7396] [client 35.195.93.98:54628] AH02812: attempt to invoke directory as script: /home/lorsa/public_html/cgi-bin/
[Sun Sep 11 23:47:14.633744 2022] [core:error] [pid 7392] [client 95.161.131.235:38444] AH10244: invalid URI path (/../../mnt/mtd/Config/Account1)
[Mon Sep 12 00:01:44.677936 2022] [core:error] [pid 18261] [client 95.161.131.235:55006] AH10244: invalid URI path (/../../mnt/mtd/Config/Account1)
[Mon Sep 12 00:45:36.565948 2022] [cgi:error] [pid 7396] [client 130.211.54.158:51606] AH02812: attempt to invoke directory as script: /home/lorsa/public_html/cgi-bin/
[Mon Sep 12 21:36:13.104413 2022] [cgi:error] [pid 28204] [client 27.40.85.185:48415] AH02811: script not found or unable to stat: /var/www/html/setup.cgi
[Tue Sep 13 15:53:00.111449 2022] [core:error] [pid 18822] [client 95.161.131.235:53640] AH10244: invalid URI path (/../../mnt/mtd/Config/Account1)
[Tue Sep 13 16:57:00.201181 2022] [core:error] [pid 7394] [client 95.161.131.235:46738] AH10244: invalid URI path (/../../mnt/mtd/Config/Account1)
[Wed Sep 14 22:23:33.865485 2022] [mpm_prefork:notice] [pid 18256] AH00171: Graceful restart requested, doing restart
[Wed Sep 14 22:23:34.361548 2022] [ssl:warn] [pid 18256] AH01909: lorsa.com.br:443:0 server certificate does NOT include an ID which matches the server name
[Wed Sep 14 22:23:34.364152 2022] [mpm_prefork:notice] [pid 18256] AH00163: Apache/2.4.54 (cPanel) OpenSSL/1.1.1q mod_bwlimited/1.4 configured -- resuming normal operations
[Wed Sep 14 22:23:34.364177 2022] [core:notice] [pid 18256] AH00094: Command line: '/usr/sbin/httpd'
[Thu Sep 15 01:35:32.431402 2022] [ssl:error] [pid 6219] [client 44.202.146.139:33236] AH02042: rejecting client initiated renegotiation
[Thu Sep 15 22:26:35.797053 2022] [mpm_prefork:notice] [pid 18256] AH00171: Graceful restart requested, doing restart
[Thu Sep 15 22:26:36.520628 2022] [ssl:warn] [pid 18256] AH01909: lorsa.com.br:443:0 server certificate does NOT include an ID which matches the server name
[Thu Sep 15 22:26:36.529111 2022] [mpm_prefork:notice] [pid 18256] AH00163: Apache/2.4.54 (cPanel) OpenSSL/1.1.1q mod_bwlimited/1.4 configured -- resuming normal operations
[Thu Sep 15 22:26:36.529129 2022] [core:notice] [pid 18256] AH00094: Command line: '/usr/sbin/httpd'
[Fri Sep 16 23:38:26.143393 2022] [cgi:error] [pid 8912] [client 35.233.62.116:57710] AH02812: attempt to invoke directory as script: /home/lorsa/public_html/cgi-bin/
[Sun Sep 18 04:21:26.950573 2022] [cgi:error] [pid 8914] [client 122.96.31.130:59647] AH02811: script not found or unable to stat: /var/www/html/setup.cgi
[Sun Sep 18 17:40:43.220642 2022] [cgi:error] [pid 25673] [client 171.36.231.149:58921] AH02811: script not found or unable to stat: /var/www/html/setup.cgi
[Mon Sep 19 20:42:53.817839 2022] [core:error] [pid 25673] [client 161.35.188.242:39214] AH10244: invalid URI path (/cgi-bin/.%2e/%2e%2e/%2e%2e/%2e%2e/%2e%2e/%2e%2e/%2e%2e/%2e%2e/%2e%2e/etc/hosts)
[Mon Sep 19 20:42:53.874932 2022] [core:error] [pid 7205] [client 161.35.188.242:39266] AH10244: invalid URI path (/cgi-bin/.%2e/%2e%2e/%2e%2e/%2e%2e/%2e%2e/%2e%2e/%2e%2e/%2e%2e/%2e%2e/etc/hosts)
[Tue Sep 20 01:41:07.627538 2022] [core:error] [pid 9028] [client 161.35.188.242:53284] AH10244: invalid URI path (/cgi-bin/.%2e/%2e%2e/%2e%2e/%2e%2e/%2e%2e/%2e%2e/%2e%2e/%2e%2e/%2e%2e/etc/hosts)
[Tue Sep 20 01:41:07.725300 2022] [core:error] [pid 7205] [client 161.35.188.242:53364] AH10244: invalid URI path (/cgi-bin/.%2e/%2e%2e/%2e%2e/%2e%2e/%2e%2e/%2e%2e/%2e%2e/%2e%2e/%2e%2e/etc/hosts)
[Tue Sep 20 16:56:36.072339 2022] [ssl:error] [pid 10294] [client 54.89.185.22:56994] AH02042: rejecting client initiated renegotiation
[Tue Sep 20 22:26:37.825862 2022] [mpm_prefork:notice] [pid 18256] AH00171: Graceful restart requested, doing restart
[Tue Sep 20 22:26:38.954838 2022] [ssl:warn] [pid 18256] AH01909: lorsa.com.br:443:0 server certificate does NOT include an ID which matches the server name
[Tue Sep 20 22:26:38.973794 2022] [mpm_prefork:notice] [pid 18256] AH00163: Apache/2.4.54 (cPanel) OpenSSL/1.1.1q mod_bwlimited/1.4 configured -- resuming normal operations
[Tue Sep 20 22:26:38.973854 2022] [core:notice] [pid 18256] AH00094: Command line: '/usr/sbin/httpd'
[Wed Sep 21 02:37:57.241313 2022] [cgi:error] [pid 29777] [client 183.48.14.193:14905] AH02811: script not found or unable to stat: /var/www/html/setup.cgi
[Wed Sep 21 21:55:47.351847 2022] [core:error] [pid 29777] [client 185.130.224.57:58042] AH10244: invalid URI path (/dana-na/../dana/html5acc/guacamole/../../../../../../etc/passwd?/dana/html5acc/guacamole/)
[Wed Sep 21 21:55:47.955382 2022] [core:error] [pid 29776] [client 185.130.224.57:39072] AH10244: invalid URI path (/dana-na/../dana/html5acc/guacamole/../../../../../../etc/passwd?/dana/html5acc/guacamole/)
[Wed Sep 21 22:23:47.571749 2022] [mpm_prefork:notice] [pid 18256] AH00171: Graceful restart requested, doing restart
[Wed Sep 21 22:23:47.839084 2022] [ssl:warn] [pid 18256] AH01909: lorsa.com.br:443:0 server certificate does NOT include an ID which matches the server name
[Wed Sep 21 22:23:47.841741 2022] [mpm_prefork:notice] [pid 18256] AH00163: Apache/2.4.54 (cPanel) OpenSSL/1.1.1q mod_bwlimited/1.4 configured -- resuming normal operations
[Wed Sep 21 22:23:47.841768 2022] [core:notice] [pid 18256] AH00094: Command line: '/usr/sbin/httpd'
[Thu Sep 22 04:49:33.016282 2022] [core:error] [pid 5683] [client 2.57.122.209:36104] AH10244: invalid URI path (/../../proc/cpuinfo)
[Thu Sep 22 14:56:17.402754 2022] [cgi:error] [pid 4736] [client 128.14.134.170:47256] AH02811: script not found or unable to stat: /home/lorsa/public_html/cgi-bin/config.exp
[Thu Sep 22 22:29:22.864458 2022] [cgi:error] [pid 32207] [client 34.76.158.233:43360] AH02812: attempt to invoke directory as script: /home/lorsa/public_html/cgi-bin/
[Thu Sep 22 23:39:01.235538 2022] [ssl:error] [pid 5683] (70007)The timeout specified has expired: [client 94.102.61.8:47926] AH01977: failed reading line from OCSP server
[Thu Sep 22 23:39:01.235632 2022] [ssl:error] [pid 5683] [client 94.102.61.8:47926] AH01980: bad response from OCSP server: (none)
[Thu Sep 22 23:39:01.235740 2022] [ssl:error] [pid 5683] AH01941: stapling_renew_response: responder error
[Fri Sep 23 04:59:37.806549 2022] [cgi:error] [pid 5827] [client 122.96.31.132:16598] AH02811: script not found or unable to stat: /var/www/html/setup.cgi
[Fri Sep 23 17:16:14.983923 2022] [cgi:error] [pid 5827] [client 109.74.204.123:1759] AH02811: script not found or unable to stat: /var/www/html/main.pl
[Fri Sep 23 22:11:13.970919 2022] [cgi:error] [pid 4734] [client 34.76.158.233:34320] AH02812: attempt to invoke directory as script: /home/lorsa/public_html/cgi-bin/
[Fri Sep 23 23:40:21.734719 2022] [core:error] [pid 20766] (36)File name too long: [client 138.197.219.196:45186] AH00036: access to /3000D00E0000FFFF3F0031313744373731343634304537353046007A7A7A7A7A7A7A7A7A7A7A7A7A7A7A0000000000000000000000000000000000000000000000000000000000000000000000000000000000000000000001000008047A7A7A7A7A7A7A7A7A0000000000000000000000000000000000000000000000000000000000000000 failed (filesystem path '/var/www/html/3000D00E0000FFFF3F0031313744373731343634304537353046007A7A7A7A7A7A7A7A7A7A7A7A7A7A7A0000000000000000000000000000000000000000000000000000000000000000000000000000000000000000000001000008047A7A7A7A7A7A7A7A7A0000000000000000000000000000000000000000000000000000000000000000')
[Sat Sep 24 08:20:41.971967 2022] [cgi:error] [pid 4737] [client 190.180.154.199:36497] AH02811: script not found or unable to stat: /var/www/html/setup.cgi
[Sat Sep 24 14:31:11.540470 2022] [ssl:error] [pid 16319] (70007)The timeout specified has expired: [client 192.241.205.198:39008] AH01977: failed reading line from OCSP server
[Sat Sep 24 14:31:11.540535 2022] [ssl:error] [pid 16319] [client 192.241.205.198:39008] AH01980: bad response from OCSP server: (none)
[Sat Sep 24 14:31:11.540605 2022] [ssl:error] [pid 16319] AH01941: stapling_renew_response: responder error
[Sat Sep 24 20:19:21.227977 2022] [core:error] [pid 4737] [client 161.35.188.242:58258] AH10244: invalid URI path (/cgi-bin/.%2e/%2e%2e/%2e%2e/%2e%2e/%2e%2e/%2e%2e/%2e%2e/%2e%2e/%2e%2e/etc/hosts)
[Sat Sep 24 20:19:21.289455 2022] [core:error] [pid 16319] [client 161.35.188.242:58362] AH10244: invalid URI path (/cgi-bin/.%2e/%2e%2e/%2e%2e/%2e%2e/%2e%2e/%2e%2e/%2e%2e/%2e%2e/%2e%2e/etc/hosts)
[Sat Sep 24 21:31:21.118960 2022] [ssl:error] [pid 5827] (70007)The timeout specified has expired: [client 45.55.47.51:54640] AH01977: failed reading line from OCSP server
[Sat Sep 24 21:31:21.119025 2022] [ssl:error] [pid 5827] [client 45.55.47.51:54640] AH01980: bad response from OCSP server: (none)
[Sat Sep 24 21:31:21.119136 2022] [ssl:error] [pid 5827] AH01941: stapling_renew_response: responder error
[Sun Sep 25 10:27:53.738849 2022] [cgi:error] [pid 4735] [client 185.216.71.181:41150] AH02811: script not found or unable to stat: /var/www/html/debug.cgi
[Sun Sep 25 10:42:04.925473 2022] [cgi:error] [pid 4735] [client 185.216.71.180:34028] AH02811: script not found or unable to stat: /var/www/html/debug.cgi
[Mon Sep 26 09:30:52.286221 2022] [ssl:error] [pid 32207] [client 3.93.69.172:42144] AH02042: rejecting client initiated renegotiation
[Mon Sep 26 13:47:58.710833 2022] [cgi:error] [pid 4734] [client 106.75.100.66:39318] AH02811: script not found or unable to stat: /usr/local/cpanel/cgi-sys/favicon.ico
[Tue Sep 27 10:25:18.282727 2022] [cgi:error] [pid 16319] [client 106.75.21.214:44152] AH02811: script not found or unable to stat: /usr/local/cpanel/cgi-sys/favicon.ico
[Wed Sep 28 12:12:21.228553 2022] [mpm_prefork:notice] [pid 18256] AH00171: Graceful restart requested, doing restart
[Wed Sep 28 12:12:21.905049 2022] [ssl:warn] [pid 18256] AH01909: lorsa.com.br:443:0 server certificate does NOT include an ID which matches the server name
[Wed Sep 28 12:12:21.910329 2022] [mpm_prefork:notice] [pid 18256] AH00163: Apache/2.4.54 (cPanel) OpenSSL/1.1.1q mod_bwlimited/1.4 configured -- resuming normal operations
[Wed Sep 28 12:12:21.910364 2022] [core:notice] [pid 18256] AH00094: Command line: '/usr/sbin/httpd'
[Wed Sep 28 18:50:31.695871 2022] [cgi:error] [pid 31081] [client 120.52.152.19:20536] AH02811: script not found or unable to stat: /usr/local/cpanel/cgi-sys/favicon.ico
[Wed Sep 28 20:16:14.853778 2022] [core:error] [pid 4033] [client 92.118.39.30:43036] AH10244: invalid URI path (/../../proc/cpuinfo)
[Wed Sep 28 21:12:09.314795 2022] [core:error] [pid 4035] [client 92.118.39.30:41178] AH10244: invalid URI path (/../../proc/cpuinfo)
[Thu Sep 29 22:24:10.565933 2022] [mpm_prefork:notice] [pid 18256] AH00171: Graceful restart requested, doing restart
[Thu Sep 29 22:24:10.780219 2022] [ssl:warn] [pid 18256] AH01909: lorsa.com.br:443:0 server certificate does NOT include an ID which matches the server name
[Thu Sep 29 22:24:10.782044 2022] [mpm_prefork:notice] [pid 18256] AH00163: Apache/2.4.54 (cPanel) OpenSSL/1.1.1q mod_bwlimited/1.4 configured -- resuming normal operations
[Thu Sep 29 22:24:10.782081 2022] [core:notice] [pid 18256] AH00094: Command line: '/usr/sbin/httpd'
[Thu Sep 29 22:24:15.391599 2022] [mpm_prefork:notice] [pid 18256] AH00171: Graceful restart requested, doing restart
[Thu Sep 29 22:24:15.497353 2022] [ssl:warn] [pid 18256] AH01909: lorsa.com.br:443:0 server certificate does NOT include an ID which matches the server name
[Thu Sep 29 22:24:15.505052 2022] [mpm_prefork:notice] [pid 18256] AH00163: Apache/2.4.54 (cPanel) OpenSSL/1.1.1q mod_bwlimited/1.4 configured -- resuming normal operations
[Thu Sep 29 22:24:15.505089 2022] [core:notice] [pid 18256] AH00094: Command line: '/usr/sbin/httpd'
[Thu Sep 29 22:40:30.767313 2022] [cgi:error] [pid 10654] [client 120.52.152.20:5911] AH02811: script not found or unable to stat: /usr/local/cpanel/cgi-sys/favicon.ico
[Fri Sep 30 09:02:55.169404 2022] [cgi:error] [pid 9833] [client 120.86.255.150:32794] AH02811: script not found or unable to stat: /var/www/html/setup.cgi
[Fri Sep 30 11:08:17.535728 2022] [cgi:error] [pid 9829] [client 122.239.136.125:46356] AH02811: script not found or unable to stat: /var/www/html/setup.cgi
[Sat Oct 01 15:09:51.083294 2022] [cgi:error] [pid 541] [client 79.110.62.188:39774] AH02811: script not found or unable to stat: /var/www/html/debug.cgi
[Sat Oct 01 15:19:48.185164 2022] [cgi:error] [pid 19622] [client 185.216.71.180:33804] AH02811: script not found or unable to stat: /var/www/html/debug.cgi
[Sun Oct 02 20:55:19.553907 2022] [proxy:warn] [pid 9831] AH03408: http: reusable backend connection is not empty: forcibly closed
[Mon Oct 03 08:17:49.623703 2022] [cgi:error] [pid 19622] [client 175.107.1.52:34502] AH02811: script not found or unable to stat: /var/www/html/setup.cgi
[Mon Oct 03 14:10:01.208337 2022] [cgi:error] [pid 10654] [client 151.236.216.243:54258] AH02811: script not found or unable to stat: /var/www/html/menu.pl
[Mon Oct 03 14:10:03.823390 2022] [cgi:error] [pid 9829] [client 151.236.216.243:17045] AH02811: script not found or unable to stat: /var/www/html/start.cgi
[Mon Oct 03 14:10:05.281419 2022] [cgi:error] [pid 9829] [client 151.236.216.243:44611] AH02811: script not found or unable to stat: /var/www/html/index.pl
[Mon Oct 03 14:10:05.634700 2022] [cgi:error] [pid 19622] [client 151.236.216.243:51123] AH02811: script not found or unable to stat: /var/www/html/admin.pl
[Mon Oct 03 14:10:05.993116 2022] [cgi:error] [pid 541] [client 151.236.216.243:25286] AH02811: script not found or unable to stat: /var/www/html/menu.cgi
[Mon Oct 03 14:10:07.453519 2022] [cgi:error] [pid 2534] [client 151.236.216.243:43156] AH02811: script not found or unable to stat: /var/www/html/main.cgi
[Tue Oct 04 10:37:19.500408 2022] [cgi:error] [pid 2534] [client 208.67.104.167:63045] AH02811: script not found or unable to stat: /var/www/html/mt-xmlrpc.cgi
[Tue Oct 04 10:37:22.597459 2022] [cgi:error] [pid 9833] [client 208.67.104.167:57035] AH02811: script not found or unable to stat: /var/www/html/mt-xmlrpc.cgi
[Tue Oct 04 21:08:27.451768 2022] [cgi:error] [pid 9831] [client 120.86.255.129:35954] AH02811: script not found or unable to stat: /var/www/html/setup.cgi
[Wed Oct 05 01:05:36.711150 2022] [ssl:error] [pid 9833] (70007)The timeout specified has expired: [client 128.14.134.134:52286] AH01977: failed reading line from OCSP server
[Wed Oct 05 01:05:36.711216 2022] [ssl:error] [pid 9833] [client 128.14.134.134:52286] AH01980: bad response from OCSP server: (none)
[Wed Oct 05 01:05:36.711290 2022] [ssl:error] [pid 9833] AH01941: stapling_renew_response: responder error
[Wed Oct 05 09:22:51.543910 2022] [cgi:error] [pid 9830] [client 208.67.104.167:64982] AH02811: script not found or unable to stat: /var/www/html/mt-xmlrpc.cgi
[Wed Oct 05 09:22:54.385168 2022] [cgi:error] [pid 541] [client 208.67.104.167:57183] AH02811: script not found or unable to stat: /var/www/html/mt-xmlrpc.cgi
[Wed Oct 05 19:38:19.672349 2022] [cgi:error] [pid 9832] [client 34.140.248.32:60356] AH02812: attempt to invoke directory as script: /home/lorsa/public_html/cgi-bin/
[Wed Oct 05 22:23:47.222437 2022] [mpm_prefork:notice] [pid 18256] AH00171: Graceful restart requested, doing restart
[Wed Oct 05 22:23:47.584629 2022] [ssl:warn] [pid 18256] AH01909: lorsa.com.br:443:0 server certificate does NOT include an ID which matches the server name
[Wed Oct 05 22:23:47.587755 2022] [mpm_prefork:notice] [pid 18256] AH00163: Apache/2.4.54 (cPanel) OpenSSL/1.1.1q mod_bwlimited/1.4 configured -- resuming normal operations
[Wed Oct 05 22:23:47.587795 2022] [core:notice] [pid 18256] AH00094: Command line: '/usr/sbin/httpd'
[Fri Oct 07 00:25:53.166299 2022] [cgi:error] [pid 9156] [client 128.14.141.34:58720] AH02811: script not found or unable to stat: /home/lorsa/public_html/cgi-bin/config.exp
[Fri Oct 07 03:37:43.949567 2022] [cgi:error] [pid 9156] [client 201.150.178.77:43161] AH02811: script not found or unable to stat: /var/www/html/setup.cgi
[Fri Oct 07 12:04:47.286874 2022] [cgi:error] [pid 9156] [client 27.38.193.93:54020] AH02811: script not found or unable to stat: /var/www/html/setup.cgi
[Fri Oct 07 19:25:08.567335 2022] [cgi:error] [pid 9154] [client 130.211.54.158:59672] AH02812: attempt to invoke directory as script: /home/lorsa/public_html/cgi-bin/
[Fri Oct 07 21:58:53.437490 2022] [ssl:error] [pid 9156] [client 34.205.140.10:57528] AH02042: rejecting client initiated renegotiation
[Sat Oct 08 19:17:16.029369 2022] [cgi:error] [pid 9157] [client 35.195.93.98:43444] AH02812: attempt to invoke directory as script: /home/lorsa/public_html/cgi-bin/
[Sun Oct 09 19:03:15.313174 2022] [cgi:error] [pid 9155] [client 34.140.248.32:56544] AH02812: attempt to invoke directory as script: /home/lorsa/public_html/cgi-bin/
[Mon Oct 10 12:33:58.351052 2022] [cgi:error] [pid 18850] [client 192.46.210.172:25768] AH02811: script not found or unable to stat: /var/www/html/menu.pl
[Mon Oct 10 12:34:00.421140 2022] [cgi:error] [pid 9155] [client 192.46.210.172:60749] AH02811: script not found or unable to stat: /var/www/html/base.pl
[Mon Oct 10 16:24:26.289986 2022] [ssl:error] [pid 6069] [client 3.81.62.145:46824] AH02042: rejecting client initiated renegotiation
[Mon Oct 10 22:25:26.493216 2022] [mpm_prefork:notice] [pid 18256] AH00171: Graceful restart requested, doing restart
[Mon Oct 10 22:25:27.395862 2022] [ssl:warn] [pid 18256] AH01909: lorsa.com.br:443:0 server certificate does NOT include an ID which matches the server name
[Mon Oct 10 22:25:27.404281 2022] [mpm_prefork:notice] [pid 18256] AH00163: Apache/2.4.54 (cPanel) OpenSSL/1.1.1q mod_bwlimited/1.4 configured -- resuming normal operations
[Mon Oct 10 22:25:27.404315 2022] [core:notice] [pid 18256] AH00094: Command line: '/usr/sbin/httpd'
[Tue Oct 11 08:31:04.965949 2022] [core:error] [pid 26130] [client 92.118.39.30:33280] AH10244: invalid URI path (/../../proc/cpuinfo)
[Tue Oct 11 08:55:53.307172 2022] [core:error] [pid 27892] [client 92.118.39.30:45728] AH10244: invalid URI path (/../../proc/cpuinfo)
[Tue Oct 11 23:56:44.594576 2022] [cgi:error] [pid 27892] [client 61.52.186.74:43119] AH02811: script not found or unable to stat: /var/www/html/setup.cgi
[Wed Oct 12 15:34:46.832835 2022] [cgi:error] [pid 26127] [client 27.43.180.253:37409] AH02811: script not found or unable to stat: /var/www/html/setup.cgi
[Thu Oct 13 00:02:01.561369 2022] [core:error] [pid 27883] [client 92.118.39.30:45300] AH10244: invalid URI path (/../../mnt/mtd/Config/Account1)
[Thu Oct 13 00:29:17.072098 2022] [core:error] [pid 27925] [client 92.118.39.30:37194] AH10244: invalid URI path (/../../mnt/mtd/Config/Account1)
[Thu Oct 13 14:48:52.780299 2022] [cgi:error] [pid 26127] [client 104.156.155.34:51574] AH02811: script not found or unable to stat: /var/www/html/admin.pl
[Thu Oct 13 14:48:53.122323 2022] [cgi:error] [pid 26130] [client 104.156.155.34:52488] AH02811: script not found or unable to stat: /var/www/html/default.cgi
[Fri Oct 14 20:32:10.395770 2022] [cgi:error] [pid 27885] [client 122.194.11.83:44196] AH02811: script not found or unable to stat: /var/www/html/setup.cgi
[Sat Oct 15 06:15:11.801540 2022] [cgi:error] [pid 27925] [client 223.149.50.86:29875] AH02811: script not found or unable to stat: /var/www/html/setup.cgi
[Sun Oct 16 01:24:32.648803 2022] [cgi:error] [pid 27885] [client 124.117.195.8:37149] AH02811: script not found or unable to stat: /usr/local/cpanel/cgi-sys/favicon.ico
[Sun Oct 16 13:58:59.622525 2022] [cgi:error] [pid 26129] [client 101.68.4.104:18041] AH02811: script not found or unable to stat: /usr/local/cpanel/cgi-sys/favicon.ico
[Sun Oct 16 22:21:26.729650 2022] [ssl:error] [pid 26130] [client 18.206.186.119:55210] AH02042: rejecting client initiated renegotiation
[Mon Oct 17 06:21:34.289050 2022] [cgi:error] [pid 26130] [client 45.33.65.249:60885] AH02811: script not found or unable to stat: /var/www/html/index.pl
[Mon Oct 17 06:21:35.073948 2022] [cgi:error] [pid 26126] [client 45.33.65.249:50761] AH02811: script not found or unable to stat: /var/www/html/localstart.pl
[Mon Oct 17 06:21:35.798076 2022] [cgi:error] [pid 27885] [client 45.33.65.249:50557] AH02811: script not found or unable to stat: /var/www/html/admin.cgi
[Mon Oct 17 06:21:36.175568 2022] [cgi:error] [pid 26126] [client 45.33.65.249:9793] AH02811: script not found or unable to stat: /var/www/html/main.pl
[Mon Oct 17 06:21:36.681170 2022] [cgi:error] [pid 27925] [client 45.33.65.249:34843] AH02811: script not found or unable to stat: /var/www/html/index.cgi
[Mon Oct 17 06:21:37.059414 2022] [cgi:error] [pid 26127] [client 45.33.65.249:13190] AH02811: script not found or unable to stat: /var/www/html/admin.pl
[Mon Oct 17 06:21:37.975653 2022] [cgi:error] [pid 27885] [client 45.33.65.249:47370] AH02811: script not found or unable to stat: /var/www/html/menu.pl
[Mon Oct 17 06:21:39.156109 2022] [cgi:error] [pid 27925] [client 45.33.65.249:40495] AH02811: script not found or unable to stat: /var/www/html/home.pl
[Mon Oct 17 06:21:40.827348 2022] [cgi:error] [pid 26128] [client 45.33.65.249:47820] AH02811: script not found or unable to stat: /var/www/html/base.pl
[Mon Oct 17 06:21:41.503792 2022] [cgi:error] [pid 27883] [client 45.33.65.249:2428] AH02811: script not found or unable to stat: /var/www/html/localstart.cgi
[Mon Oct 17 16:49:04.620992 2022] [ssl:error] [pid 27883] [client 18.234.201.20:34134] AH02042: rejecting client initiated renegotiation
[Wed Oct 19 10:47:28.073921 2022] [cgi:error] [pid 26127] [client 130.211.54.158:56536] AH02812: attempt to invoke directory as script: /home/lorsa/public_html/cgi-bin/
[Wed Oct 19 12:29:55.776742 2022] [ssl:error] [pid 5369] (70007)The timeout specified has expired: [client 143.244.133.19:45028] AH01977: failed reading line from OCSP server
[Wed Oct 19 12:29:55.776829 2022] [ssl:error] [pid 5369] [client 143.244.133.19:45028] AH01980: bad response from OCSP server: (none)
[Wed Oct 19 12:29:55.776940 2022] [ssl:error] [pid 5369] AH01941: stapling_renew_response: responder error
[Wed Oct 19 13:46:48.188333 2022] [cgi:error] [pid 27883] [client 128.1.248.26:52504] AH02811: script not found or unable to stat: /home/lorsa/public_html/cgi-bin/config.exp
[Wed Oct 19 20:37:10.682556 2022] [cgi:error] [pid 5418] [client 35.233.62.116:43332] AH02812: attempt to invoke directory as script: /home/lorsa/public_html/cgi-bin/
[Thu Oct 20 16:54:01.095217 2022] [cgi:error] [pid 5369] [client 111.85.200.94:51512] AH02811: script not found or unable to stat: /usr/local/cpanel/cgi-sys/favicon.ico
[Fri Oct 21 03:16:41.874654 2022] [ssl:error] [pid 5453] (70007)The timeout specified has expired: [client 192.241.213.120:46570] AH01977: failed reading line from OCSP server
[Fri Oct 21 03:16:41.874719 2022] [ssl:error] [pid 5453] [client 192.241.213.120:46570] AH01980: bad response from OCSP server: (none)
[Fri Oct 21 03:16:41.874808 2022] [ssl:error] [pid 5453] AH01941: stapling_renew_response: responder error
[Fri Oct 21 06:04:20.173929 2022] [cgi:error] [pid 5418] [client 180.188.250.239:19089] AH02811: script not found or unable to stat: /var/www/html/setup.cgi
[Fri Oct 21 17:21:41.268795 2022] [ssl:error] [pid 5418] (70007)The timeout specified has expired: [client 192.241.219.141:46166] AH01977: failed reading line from OCSP server
[Fri Oct 21 17:21:41.268848 2022] [ssl:error] [pid 5418] [client 192.241.219.141:46166] AH01980: bad response from OCSP server: (none)
[Fri Oct 21 17:21:41.268922 2022] [ssl:error] [pid 5418] AH01941: stapling_renew_response: responder error
[Sat Oct 22 01:23:37.032052 2022] [cgi:error] [pid 11965] [client 114.238.194.192:42860] AH02811: script not found or unable to stat: /var/www/html/setup.cgi
[Sat Oct 22 16:13:11.826299 2022] [cgi:error] [pid 26127] [client 35.195.93.98:60834] AH02812: attempt to invoke directory as script: /home/lorsa/public_html/cgi-bin/
[Sat Oct 22 22:04:06.003480 2022] [proxy:warn] [pid 5826] AH03408: http: reusable backend connection is not empty: forcibly closed
[Sun Oct 23 07:49:17.602390 2022] [ssl:error] [pid 5871] (70007)The timeout specified has expired: [client 192.241.203.140:50888] AH01977: failed reading line from OCSP server
[Sun Oct 23 07:49:17.602498 2022] [ssl:error] [pid 5871] [client 192.241.203.140:50888] AH01980: bad response from OCSP server: (none)
[Sun Oct 23 07:49:17.602570 2022] [ssl:error] [pid 5871] AH01941: stapling_renew_response: responder error
[Sun Oct 23 13:02:35.342956 2022] [ssl:error] [pid 5420] [client 54.175.242.124:47864] AH02042: rejecting client initiated renegotiation
[Sun Oct 23 13:17:09.707298 2022] [ssl:error] [pid 5826] [client 54.88.159.98:57578] AH02042: rejecting client initiated renegotiation
[Sun Oct 23 15:32:30.867105 2022] [ssl:error] [pid 26127] (70007)The timeout specified has expired: [client 192.241.220.224:39648] AH01977: failed reading line from OCSP server
[Sun Oct 23 15:32:30.869178 2022] [ssl:error] [pid 26127] [client 192.241.220.224:39648] AH01980: bad response from OCSP server: (none)
[Sun Oct 23 15:32:30.869298 2022] [ssl:error] [pid 26127] AH01941: stapling_renew_response: responder error
[Mon Oct 24 16:01:17.274900 2022] [ssl:error] [pid 5871] [client 162.142.125.221:49922] AH02032: Hostname isp07.netstructure.com.br provided via SNI and hostname 66.165.67.126 provided via HTTP have no compatible SSL setup
[Tue Oct 25 05:12:05.889919 2022] [cgi:error] [pid 5871] [client 104.156.155.35:35150] AH02811: script not found or unable to stat: /var/www/html/start.pl
[Tue Oct 25 05:12:07.531624 2022] [cgi:error] [pid 27892] [client 104.156.155.35:38778] AH02811: script not found or unable to stat: /var/www/html/admin.cgi
[Tue Oct 25 05:12:09.718364 2022] [cgi:error] [pid 5453] [client 104.156.155.35:44396] AH02811: script not found or unable to stat: /var/www/html/start.cgi
[Tue Oct 25 05:12:10.066435 2022] [cgi:error] [pid 5418] [client 104.156.155.35:45304] AH02811: script not found or unable to stat: /var/www/html/default.cgi
[Tue Oct 25 05:12:10.963962 2022] [cgi:error] [pid 26127] [client 104.156.155.35:48002] AH02811: script not found or unable to stat: /var/www/html/inicio.cgi
